 prime factors of 27806.
2, 13903
List the prime factors of 12109.
12109
What are the prime factors of 56722?
2, 79, 359
What are the prime factors of 6058?
2, 13, 233
List the prime factors of 10751.
13, 827
List the prime factors of 32854.
2, 16427
What are the prime factors of 15010?
2, 5, 19, 79
List the prime factors of 22269.
3, 13, 571
List the prime factors of 116679.
3, 19, 23, 89
What are the prime factors of 38863?
11, 3533
What are the prime factors of 725?
5, 29
What are the prime factors of 505?
5, 101
What are the prime factors of 1083?
3, 19
List the prime factors of 2154.
2, 3, 359
What are the prime factors of 26593?
7, 29, 131
What are the prime factors of 9022?
2, 13, 347
What are the prime factors of 108930?
2, 3, 5, 3631
List the prime factors of 2337.
3, 19, 41
List the prime factors of 3852.
2, 3, 107
What are the prime factors of 3274?
2, 1637
List the prime factors of 56167.
56167
List the prime factors of 1198.
2, 599
List the prime factors of 53775.
3, 5, 239
What are the prime factors of 10853?
10853
What are the prime factors of 941?
941
List the prime factors of 6321.
3, 7, 43
List the prime factors of 16554.
2, 3, 31, 89
List the prime factors of 18027.
3, 2003
List the prime factors of 218.
2, 109
What are the prime factors of 1332?
2, 3, 37
What are the prime factors of 7324?
2, 1831
What are the prime factors of 15787?
15787
What are the prime factors of 27599?
11, 13, 193
What are the prime factors of 6998?
2, 3499
List the prime factors of 8333.
13, 641
What are the prime factors of 50603?
7, 7229
List the prime factors of 12027.
3, 19, 211
List the prime factors of 5247.
3, 11, 53
List the prime factors of 16778.
2, 8389
List the prime factors of 32734.
2, 13, 1259
What are the prime factors of 408?
2, 3, 17
What are the prime factors of 624?
2, 3, 13
List the prime factors of 6179.
37, 167
List the prime factors of 1439.
1439
List the prime factors of 23143.
23143
What are the prime factors of 32714?
2, 11, 1487
What are the prime factors of 22117?
17, 1301
What are the prime factors of 14389?
14389
List the prime factors of 545.
5, 109
List the prime factors of 1629.
3, 181
List the prime factors of 56360.
2, 5, 1409
What are the prime factors of 90?
2, 3, 5
List the prime factors of 7268.
2, 23, 79
List the prime factors of 3175.
5, 127
List the prime factors of 2119.
13, 163
What are the prime factors of 12068?
2, 7, 431
List the prime factors of 20165.
5, 37, 109
List the prime factors of 1254.
2, 3, 11, 19
What are the prime factors of 41291?
157, 263
List the prime factors of 707.
7, 101
List the prime factors of 6977.
6977
List the prime factors of 1100.
2, 5, 11
List the prime factors of 2582.
2, 1291
List the prime factors of 4054.
2, 2027
List the prime factors of 4985.
5, 997
List the prime factors of 1364.
2, 11, 31
What are the prime factors of 18719?
18719
What are the prime factors of 2678?
2, 13, 103
What are the prime factors of 15691?
13, 17, 71
What are the prime factors of 28717?
13, 47
What are the prime factors of 3843?
3, 7, 61
What are the prime factors of 107660?
2, 5, 7, 769
What are the prime factors of 23857?
23857
What are the prime factors of 154724?
2, 47, 823
What are the prime factors of 19444?
2, 4861
What are the prime factors of 19170?
2, 3, 5, 71
What are the prime factors of 15715?
5, 7, 449
List the prime factors of 815.
5, 163
List the prime factors of 6845.
5, 37
List the prime factors of 32901.
3, 11, 997
List the prime factors of 2603.
19, 137
What are the prime factors of 9102?
2, 3, 37, 41
List the prime factors of 973.
7, 139
What are the prime factors of 70336?
2, 7, 157
List the prime factors of 21868.
2, 7, 11, 71
List the prime factors of 428.
2, 107
List the prime factors of 18356.
2, 13, 353
What are the prime factors of 2133?
3, 79
What are the prime factors of 38827?
41, 947
What are the prime factors of 117?
3, 13
What are the prime factors of 1950?
2, 3, 5, 13
What are the prime factors of 415?
5, 83
What are the prime factors of 1862?
2, 7, 19
List the prime factors of 6341.
17, 373
What are the prime factors of 125214?
2, 3, 41, 509
List the prime factors of 158315.
5, 31663
List the prime factors of 10435.
5, 2087
What are the prime factors of 122?
2, 61
List the prime factors of 6485.
5, 1297
What are the prime factors of 624?
2, 3, 13
List the prime factors of 5285.
5, 7, 151
List the prime factors of 10762.
2, 5381
What are the prime factors of 107542?
2, 17, 3163
What are the prime factors of 798?
2, 3, 7, 19
What are the prime factors of 44535?
3, 5, 2969
What are the prime factors of 6730?
2, 5, 673
What are the prime factors of 1361?
1361
List the prime factors of 2308.
2, 577
List the prime factors of 41217.
3, 11, 1249
What are the prime factors of 11476?
2, 19, 151
What are the prime factors of 11067?
3, 7, 17, 31
What are the prime factors of 11938?
2, 47, 127
What are the prime factors of 2416?
2, 151
List the prime factors of 2037.
3, 7, 97
List the prime factors of 9540.
2, 3, 5, 53
List the prime factors of 47609.
47609
What are the prime factors of 24702?
2, 3, 23, 179
List the prime factors of 801.
3, 89
What are the prime factors of 491?
491
List the prime factors of 1959.
3, 653
What are the prime factors of 3499?
3499
List the prime factors of 4787.
4787
List the prime factors of 13252.
2, 3313
List the prime factors of 10491.
3, 13, 269
List the prime factors of 166840.
2, 5, 43, 97
What are the prime factors of 212?
2, 53
List the prime factors of 44553.
3, 14851
List the prime factors of 23289.
3, 7, 1109
List the prime factors of 75271.
7, 10753
List the prime factors of 529.
23
What are the prime factors of 2292?
2, 3, 191
What are the prime factors of 10066?
2, 7, 719
What are the prime factors of 2628?
2, 3, 73
List the prime factors of 436.
2, 109
What are the prime factors of 1176?
2, 3, 7
What are the prime factors of 241?
241
What are the prime factors of 3331?
3331
What are the prime factors of 693?
3, 7, 11
What are the prime factors of 16970?
2, 5, 1697
What are the prime factors of 18113?
59, 307
What are the prime factors of 1526?
2, 7, 109
What are the prime factors of 194?
2, 97
What are the prime factors of 4837?
7, 691
What are the prime factors of 31548?
2, 3, 11, 239
List the prime factors of 25.
5
What are the prime factors of 1231?
1231
What are the prime factors of 9042?
2, 3, 11, 137
List the prime factors of 20533.
20533
List the prime factors of 13692.
2, 3, 7, 163
What are the prime factors of 522?
2, 3, 29
List the prime factors of 22462.
2, 11, 1021
What are the prime factors of 14723?
14723
What are the prime factors of 13784?
2, 1723
List the prime factors of 13784.
2, 1723
List the prime factors of 1574.
2, 787
What are the prime factors of 1518?
2, 3, 11, 23
List the prime factors of 4.
2
List the prime factors of 1427.
1427
List the prime factors of 192.
2, 3
What are the prime factors of 34138?
2, 13, 101
What are the prime factors of 25147?
25147
List the prime factors of 2079.
3, 7, 11
List the prime factors of 88933.
13, 6841
List the prime factors of 105817.
105817
List the prime factors of 3478.
2, 37, 47
List the prime factors of 27753.
3, 11, 29
What are the prime factors of 2061?
3, 229
List the prime factors of 52.
2, 13
What are the prime factors of 354?
2, 3, 59
List the prime factors of 173799.
3, 41, 157
List the prime factors of 543.
3, 181
What are the prime factors of 7371?
3, 7, 13
List the prime factors of 213.
3, 71
What are the prime factors of 6178?
2, 3089
What are the prime factors of 23207?
23, 1009
What are the prime factors of 44085?
3, 5, 2939
What are the prime factors of 13977?
3, 1553
List the prime factors of 1372.
2, 7
List the prime factors of 806.
2, 13, 31
List the prime factors of 6759.
3, 751
List the prime factors of 15688.
2, 37, 53
List the prime factors of 4929.
3, 31, 53
List the prime factors of 6338.
2, 3169
What are the prime factors of 235?
5, 47
What are the prime factors of 4149?
3, 461
List the prime factors of 116387.
116387
What are the prime factors of 76749?
3, 25583
What are the prime factors of 17151?
3, 5717
List the prime factors of 7418.
2, 3709
List the prime factors of 961.
31
What are the prime factors of 17552?
2, 1097
List t